{"id":592,"date":"2023-06-22T11:49:34","date_gmt":"2023-06-22T14:49:34","guid":{"rendered":"https:\/\/agacapital.org.ar\/_agnw\/?page_id=592"},"modified":"2025-07-16T08:36:46","modified_gmt":"2025-07-16T11:36:46","slug":"seminarios","status":"publish","type":"page","link":"https:\/\/www.agacapital.org.ar\/_agnw\/seminarios\/","title":{"rendered":"Seminarios &#8211; Actualizaci\u00f3n"},"content":{"rendered":"\n<p><strong>Seminarios de Actualizaci\u00f3n Profesional para Mandatarios<\/strong><\/p>\n\n\n\n<p><strong>AGA<\/strong>, tiene esp\u00edritu de superaci\u00f3n constante y estudia sus planes para formaci\u00f3n de los<strong>&nbsp;&#8220;Mandatarios del Futuro&#8221;<\/strong>. Por ello, organiza seminarios y capacitaciones sobre distintos temas de inter\u00e9s profesional, con el objeto de proveerles de m\u00e1s herramientas para la prestaci\u00f3n de servicios a sus clientes y amigos.<\/p>\n\n\n\n<p><strong>Pr\u00f3ximos Seminarios &#8211; Cursos de Actualizaci\u00f3n:<\/strong><\/p>\n\n\n\n<div class=\"wp-block-group\"><div class=\"wp-block-group__inner-container is-layout-constrained wp-block-group-is-layout-constrained\">\n<figure class=\"wp-block-image size-large\"><img loading=\"lazy\" decoding=\"async\" width=\"1024\" height=\"607\" src=\"https:\/\/www.agacapital.org.ar\/_agnw\/wp-content\/uploads\/2025\/07\/PUBLICIDAD-CURSO-16-9-1024x607.png\" alt=\"\" class=\"wp-image-818\" srcset=\"https:\/\/www.agacapital.org.ar\/_agnw\/wp-content\/uploads\/2025\/07\/PUBLICIDAD-CURSO-16-9-1024x607.png 1024w, https:\/\/www.agacapital.org.ar\/_agnw\/wp-content\/uploads\/2025\/07\/PUBLICIDAD-CURSO-16-9-300x178.png 300w, https:\/\/www.agacapital.org.ar\/_agnw\/wp-content\/uploads\/2025\/07\/PUBLICIDAD-CURSO-16-9-768x456.png 768w, https:\/\/www.agacapital.org.ar\/_agnw\/wp-content\/uploads\/2025\/07\/PUBLICIDAD-CURSO-16-9-1536x911.png 1536w, https:\/\/www.agacapital.org.ar\/_agnw\/wp-content\/uploads\/2025\/07\/PUBLICIDAD-CURSO-16-9.png 1765w\" sizes=\"auto, (max-width: 1024px) 100vw, 1024px\" \/><\/figure>\n<\/div><\/div>\n\n\n\n<figure class=\"wp-block-gallery has-nested-images columns-default is-cropped wp-block-gallery-1 is-layout-flex wp-block-gallery-is-layout-flex\"><\/figure>\n","protected":false},"excerpt":{"rendered":"<p>Seminarios de Actualizaci\u00f3n Profesional para Mandatarios AGA, tiene esp\u00edritu de superaci\u00f3n constante y estudia sus planes para formaci\u00f3n de los&nbsp;&#8220;Mandatarios del Futuro&#8221;. Por ello, organiza seminarios y capacitaciones sobre distintos temas de inter\u00e9s profesional, con el objeto de proveerles de m\u00e1s herramientas para la prestaci\u00f3n de servicios a sus clientes y amigos. Pr\u00f3ximos Seminarios &#8211; [&hellip;]<\/p>\n","protected":false},"author":1,"featured_media":0,"parent":0,"menu_order":0,"comment_status":"closed","ping_status":"closed","template":"","meta":{"footnotes":""},"class_list":["post-592","page","type-page","status-publish","hentry"],"nelio_popups_active_popup":"","_links":{"self":[{"href":"https:\/\/www.agacapital.org.ar\/_agnw\/wp-json\/wp\/v2\/pages\/592","targetHints":{"allow":["GET"]}}],"collection":[{"href":"https:\/\/www.agacapital.org.ar\/_agnw\/wp-json\/wp\/v2\/pages"}],"about":[{"href":"https:\/\/www.agacapital.org.ar\/_agnw\/wp-json\/wp\/v2\/types\/page"}],"author":[{"embeddable":true,"href":"https:\/\/www.agacapital.org.ar\/_agnw\/wp-json\/wp\/v2\/users\/1"}],"replies":[{"embeddable":true,"href":"https:\/\/www.agacapital.org.ar\/_agnw\/wp-json\/wp\/v2\/comments?post=592"}],"version-history":[{"count":23,"href":"https:\/\/www.agacapital.org.ar\/_agnw\/wp-json\/wp\/v2\/pages\/592\/revisions"}],"predecessor-version":[{"id":823,"href":"https:\/\/www.agacapital.org.ar\/_agnw\/wp-json\/wp\/v2\/pages\/592\/revisions\/823"}],"wp:attachment":[{"href":"https:\/\/www.agacapital.org.ar\/_agnw\/wp-json\/wp\/v2\/media?parent=592"}],"curies":[{"name":"wp","href":"https:\/\/api.w.org\/{rel}","templated":true}]}}